{"id":1038,"date":"2011-03-15T20:01:22","date_gmt":"2011-03-15T20:01:22","guid":{"rendered":"http:\/\/rkrause.cl\/web\/?page_id=1038"},"modified":"2018-03-01T21:19:37","modified_gmt":"2018-03-02T00:19:37","slug":"2010-11","status":"publish","type":"page","link":"https:\/\/rkrause.cl\/web\/?page_id=1038","title":{"rendered":"[2010-11] <365>"},"content":{"rendered":"<h2><strong>&lt;365&gt;&nbsp;<\/strong><strong>Versi\u00f3n austera para espacio compartido<\/strong><\/h2>\n<h6><em>Fuera de lugar<\/em>, Museo Nacional de Bellas Artes, Santiago de Chile, 2010-11<\/h6>\n<p>Instalaci\u00f3n sonora de 5 canales de audio, reproductor DVD, banda sonora de 5.1<\/p>\n<p>ngg_shortcode_0_placeholder<\/p>\n<p>Los n\u00fameros son elementos abstractos, pero el n\u00famero \u201c365\u201d se asocia inmediatamente al a\u00f1o del calendario occidental y as\u00ed tambi\u00e9n a un determinado orden del tiempo. Sin embargo, muchas culturas no occidentales tienen una distribuci\u00f3n del tiempo distinta. El domingo no es fiesta para todos, la cantidad y duraci\u00f3n de los meses var\u00eda en cada cultura e incluso el a\u00f1o no tiene una duraci\u00f3n fija. Tambi\u00e9n var\u00eda el tiempo que en cada cultura se dedica a los diversos quehaceres diarios.<\/p>\n<p>No obstante en una metr\u00f3polis como Santiago el tiempo occidental se impone. El conteo del tiempo es implacable, a\u00fan en una lengua inentendible. Apenas a nivel individual queda un \u201cespacio\u201d temporal disponible a la modificaci\u00f3n. Los sonidos concretos que se intercalan entre los fonemas de los n\u00fameros hablados, son pulsaciones que modulan el calendario, seg\u00fan los intereses, necesidades y presiones personales. Estos ritmos individuales se superponen e influyen mutuamente en los habitantes metropolitanos, formando leves desfases en la realidad temporal.<\/p>\n<p>_________________________<\/p>\n<h2><strong>&lt;365&gt;&nbsp;<\/strong><strong>Versi\u00f3n ampliada para sala vac\u00eda<\/strong><\/h2>\n<h6><em>PQN+ [Paraquenuncamas]<\/em>, Museo de Arte Contempor\u00e1neo, Quinta Normal, Santiago de Chile, 2011<br \/>\n<span style=\"font-size: x-small;\">Parte del proyecto \u00abheterocron\u00edas &#8211; instalaciones simult\u00e1neas en tiempos diferidos\u00bb, financiado por el Fondo Nacional de Desarrollo Cultural y las Artes, 2011.<\/span><\/h6>\n<p>Instalaci\u00f3n sonora de 8 canales de audio, computador, software<br \/>\n15 acuarelas, 12 fotograf\u00edas intervenidas, 800 tarjetas postales<\/p>\n<p>ngg_shortcode_1_placeholder<\/p>\n<p>&nbsp;<\/p>\n<p>ngg_shortcode_2_placeholder<\/p>\n<p>800 tarjetas postales circulando por Santiago<\/p>\n<p>ngg_shortcode_3_placeholder<\/p>\n<p>12 fotograf\u00edas intervenidas, c\/u 75 x 55 cmts.<\/p>\n<p>ngg_shortcode_4_placeholder<\/p>\n<p>15 acuarelas en la sala<\/p>\n<p>ngg_shortcode_5_placeholder<\/p>\n<p><iframe loading=\"lazy\" width=\"100%\" height=\"450\" scrolling=\"no\" frameborder=\"no\" allow=\"autoplay\" src=\"https:\/\/w.soundcloud.com\/player\/?url=https%3A\/\/api.soundcloud.com\/playlists\/461307663&#038;color=%236c6f8a&#038;auto_play=false&#038;hide_related=false&#038;show_comments=true&#038;show_user=true&#038;show_reposts=false&#038;show_teaser=true\"><\/iframe><\/p>\n<p><span style=\"font-size: x-small;\"><span style=\"font-size: small;\">\u201c365\u201d es producto de mi condici\u00f3n de extranjero, tanto en Chile como temporalmente en Espa\u00f1a. Aqu\u00ed especialmente mi roce con los diferentes ritmos de vida, la importancias que otras personas de otros or\u00edgenes culturales dan al quehacer diario, el tiempo que invierten en una cosa y en otra no.&nbsp; Los elementos visuales de la instalaci\u00f3n (fotograf\u00edas, tarjetas) se ubican fuera de la sala del acontecimiento sonoro. As\u00ed al espectador se designa un trabajo de memoria, haciendo las relaciones entre que ha visto antes en la tarjeta o en los pasillos del Museo con lo que escucha en la sala de la instalaci\u00f3n. Y al rev\u00e9s, despu\u00e9s de la escucha de los n\u00fameros, sonidos y testimonios lo conecta con los retratos. El tiempo de la experiencia est\u00e9tica se fragmenta, dilata, se hace presente en diferentes espacios.<\/span><br \/>\n<\/span><\/p>\n<p>&nbsp;<\/p>\n<p>&nbsp;<\/p>\n","protected":false},"excerpt":{"rendered":"<p>&lt;365&gt;&nbsp;Versi\u00f3n austera para espacio compartido Fuera de lugar, Museo Nacional de Bellas Artes, Santiago de Chile, 2010-11 Instalaci\u00f3n sonora de 5 canales de audio, reproductor DVD, banda sonora de 5.1 \u00bb order_by=\u00bbsortorder\u00bb order_direction=\u00bbASC\u00bb returns=\u00bbincluded\u00bb maximum_entity_count=\u00bb500&#8243;] Los n\u00fameros son elementos abstractos, pero el n\u00famero \u201c365\u201d se asocia inmediatamente al a\u00f1o del calendario occidental y as\u00ed tambi\u00e9n [&hellip;]<\/p>\n","protected":false},"author":2,"featured_media":0,"parent":65,"menu_order":5,"comment_status":"closed","ping_status":"closed","template":"","meta":{"ngg_post_thumbnail":0,"footnotes":""},"class_list":["post-1038","page","type-page","status-publish","hentry"],"_links":{"self":[{"href":"https:\/\/rkrause.cl\/web\/index.php?rest_route=\/wp\/v2\/pages\/1038"}],"collection":[{"href":"https:\/\/rkrause.cl\/web\/index.php?rest_route=\/wp\/v2\/pages"}],"about":[{"href":"https:\/\/rkrause.cl\/web\/index.php?rest_route=\/wp\/v2\/types\/page"}],"author":[{"embeddable":true,"href":"https:\/\/rkrause.cl\/web\/index.php?rest_route=\/wp\/v2\/users\/2"}],"replies":[{"embeddable":true,"href":"https:\/\/rkrause.cl\/web\/index.php?rest_route=%2Fwp%2Fv2%2Fcomments&post=1038"}],"version-history":[{"count":51,"href":"https:\/\/rkrause.cl\/web\/index.php?rest_route=\/wp\/v2\/pages\/1038\/revisions"}],"predecessor-version":[{"id":1040,"href":"https:\/\/rkrause.cl\/web\/index.php?rest_route=\/wp\/v2\/pages\/1038\/revisions\/1040"}],"up":[{"embeddable":true,"href":"https:\/\/rkrause.cl\/web\/index.php?rest_route=\/wp\/v2\/pages\/65"}],"wp:attachment":[{"href":"https:\/\/rkrause.cl\/web\/index.php?rest_route=%2Fwp%2Fv2%2Fmedia&parent=1038"}],"curies":[{"name":"wp","href":"https:\/\/api.w.org\/{rel}","templated":true}]}}