{"id":1215,"date":"2011-08-27T20:37:20","date_gmt":"2011-08-27T20:37:20","guid":{"rendered":"http:\/\/rkrause.cl\/web\/?page_id=1215"},"modified":"2018-08-13T18:38:28","modified_gmt":"2018-08-13T21:38:28","slug":"catalogos-libros","status":"publish","type":"page","link":"https:\/\/rkrause.cl\/web\/?page_id=1215","title":{"rendered":"Publicaciones curatoriales"},"content":{"rendered":"<h2>Publicaciones curatoriales (en construcci\u00f3n)<\/h2>\n<h6>2013<\/h6>\n<p><img loading=\"lazy\" decoding=\"async\" class=\"size-full wp-image-5172 alignleft\" src=\"https:\/\/rkrause.cl\/web\/wp-content\/uploads\/2018\/08\/10-12_falta-de-distancia_mini.jpg\" alt=\"\" width=\"150\" height=\"150\" srcset=\"https:\/\/rkrause.cl\/web\/wp-content\/uploads\/2018\/08\/10-12_falta-de-distancia_mini.jpg 150w, https:\/\/rkrause.cl\/web\/wp-content\/uploads\/2018\/08\/10-12_falta-de-distancia_mini-50x50.jpg 50w, https:\/\/rkrause.cl\/web\/wp-content\/uploads\/2018\/08\/10-12_falta-de-distancia_mini-100x100.jpg 100w\" sizes=\"(max-width: 150px) 100vw, 150px\" \/>Rainer Krause (Ed.): <em>Falta de Distancia.&nbsp;Santiago de Chile (Museo Nacional de Bellas Artes), 2013<\/em><br \/>\nCat\u00e1logo de la exposici\u00f3n&nbsp;<em>Falta de distancia.<\/em>&nbsp;Museo sin Muros. Mall Plaza Tr\u00e9bol, Concepci\u00f3n, Chile, 2010-11<br \/>\nISBN 978-956-8890-13-1, 60 paginas&nbsp;<\/p>\n<p>&gt; <a href=\"https:\/\/rkrause.cl\/web\/wp-content\/uploads\/2018\/03\/10-12_falta-de-distancia_.pdf\" target=\"_blank\" rel=\"noopener\">catalogo completo<\/a><\/p>\n<p>&nbsp;<\/p>\n<hr>\n<h6>2010<\/h6>\n<p><img loading=\"lazy\" decoding=\"async\" class=\"size-full wp-image-5171 alignleft\" src=\"https:\/\/rkrause.cl\/web\/wp-content\/uploads\/2018\/08\/10-00-Oscilaciones_mini.jpg\" alt=\"\" width=\"150\" height=\"150\" srcset=\"https:\/\/rkrause.cl\/web\/wp-content\/uploads\/2018\/08\/10-00-Oscilaciones_mini.jpg 150w, https:\/\/rkrause.cl\/web\/wp-content\/uploads\/2018\/08\/10-00-Oscilaciones_mini-50x50.jpg 50w, https:\/\/rkrause.cl\/web\/wp-content\/uploads\/2018\/08\/10-00-Oscilaciones_mini-100x100.jpg 100w\" sizes=\"(max-width: 150px) 100vw, 150px\" \/>Francisco Sanfuentes, Rainer Krause (Eds.): <em>[Pensar el \/ trabajar con \/ sonido en espacios intermedios. <\/em>Santiago de Chile (Departamento de Artes Visuales, Facultad de Artes, Universidad de Chile), 2010<br \/>\nISBN 978-956-19-0678-5, 142 paginas, 400 ejemplares<\/p>\n<p>&gt;&nbsp;<a href=\"http:\/\/arteuchile.uchile.cl\/descargas\/publicaciones\/artes_visuales\/2010\/sonido_en_espacios_intermedios.pdf\" target=\"_blank\" rel=\"noopener\">cap\u00edtulos seleccionados<\/a><\/p>\n<p>&nbsp;<\/p>\n<p>&nbsp;<\/p>\n<p><img loading=\"lazy\" decoding=\"async\" class=\"size-full wp-image-5174 alignleft\" src=\"https:\/\/rkrause.cl\/web\/wp-content\/uploads\/2018\/08\/RRR_2_mini.jpg\" alt=\"\" width=\"150\" height=\"150\" srcset=\"https:\/\/rkrause.cl\/web\/wp-content\/uploads\/2018\/08\/RRR_2_mini.jpg 150w, https:\/\/rkrause.cl\/web\/wp-content\/uploads\/2018\/08\/RRR_2_mini-50x50.jpg 50w, https:\/\/rkrause.cl\/web\/wp-content\/uploads\/2018\/08\/RRR_2_mini-100x100.jpg 100w\" sizes=\"(max-width: 150px) 100vw, 150px\" \/><\/p>\n<p>Rainer Krause (Ed.): <em>RadioRuidoRevista_2: [kilometr\u00f3polis]<\/em><br \/>\nSantiago de Chile, 2010<br \/>\nFolleto de 32 paginas, 2 CDs<br \/>\n150 ejemplares<\/p>\n<p><a style=\"font-family: -apple-system, BlinkMacSystemFont, 'Segoe UI', Roboto, Oxygen-Sans, Ubuntu, Cantarell, 'Helvetica Neue', sans-serif;\" href=\"https:\/\/rkrause.cl\/web\/wp-content\/uploads\/2018\/03\/RRR_2_6.pdf\" target=\"_blank\" rel=\"noopener\">&gt; folleto<\/a><\/p>\n<p>&nbsp;<\/p>\n<hr>\n<h6>2008<\/h6>\n<p><img loading=\"lazy\" decoding=\"async\" class=\"size-full wp-image-5173 alignleft\" src=\"https:\/\/rkrause.cl\/web\/wp-content\/uploads\/2018\/08\/RRR_1_mini.jpg\" alt=\"\" width=\"150\" height=\"150\" srcset=\"https:\/\/rkrause.cl\/web\/wp-content\/uploads\/2018\/08\/RRR_1_mini.jpg 150w, https:\/\/rkrause.cl\/web\/wp-content\/uploads\/2018\/08\/RRR_1_mini-50x50.jpg 50w, https:\/\/rkrause.cl\/web\/wp-content\/uploads\/2018\/08\/RRR_1_mini-100x100.jpg 100w\" sizes=\"(max-width: 150px) 100vw, 150px\" \/><\/p>\n<p>Rainer Krause (Ed.): <em>RadioRuidoRevista_1: [est\u00e9reo]<\/em><br \/>\nSantiago de Chile, 2008<br \/>\nFolleto de 36 paginas, 2 fotos est\u00e9reo, 1 lente 3D<br \/>\n150 ejemplares<\/p>\n<p><a href=\"http:\/\/rkrause.cl\/web\/wp-content\/uploads\/2009\/03\/08_03_rrr_1.pdf\" target=\"_blank\" rel=\"noopener\">&gt; folleto<\/a><\/p>\n<p>&nbsp;<\/p>\n<hr>\n<h6>2005<\/h6>\n<p><img loading=\"lazy\" decoding=\"async\" class=\"size-full wp-image-5170 alignleft\" src=\"https:\/\/rkrause.cl\/web\/wp-content\/uploads\/2018\/08\/05_11_Reverberancias_mini.jpg\" alt=\"\" width=\"150\" height=\"150\" srcset=\"https:\/\/rkrause.cl\/web\/wp-content\/uploads\/2018\/08\/05_11_Reverberancias_mini.jpg 150w, https:\/\/rkrause.cl\/web\/wp-content\/uploads\/2018\/08\/05_11_Reverberancias_mini-50x50.jpg 50w, https:\/\/rkrause.cl\/web\/wp-content\/uploads\/2018\/08\/05_11_Reverberancias_mini-100x100.jpg 100w\" sizes=\"(max-width: 150px) 100vw, 150px\" \/><\/p>\n<p>Ram\u00f3n Castillo, Rainer Krause, Enrique Zamudio (Eds.): <em>Reverberancias &#8211; Arte Sonoro Chileno<\/em><br \/>\nCat\u00e1logo de la exposici\u00f3n y ciclo de performance&nbsp;<em>Reverberancias<\/em>. Museo Nacional de Bellas Artes, Santiago de Chile, 2005<br \/>\n48 paginas, 1 DVD<\/p>\n<p><a href=\"http:\/\/rkrause.cl\/web\/wp-content\/uploads\/2009\/03\/05_11_reverberancias.pdf\" target=\"_blank\" rel=\"noopener\">&gt; cat\u00e1logo completo<\/a><\/p>\n<p>&nbsp;<\/p>\n<hr>\n","protected":false},"excerpt":{"rendered":"<p>Publicaciones curatoriales (en construcci\u00f3n) 2013 Rainer Krause (Ed.): Falta de Distancia.&nbsp;Santiago de Chile (Museo Nacional de Bellas Artes), 2013 Cat\u00e1logo de la exposici\u00f3n&nbsp;Falta de distancia.&nbsp;Museo sin Muros. Mall Plaza Tr\u00e9bol, Concepci\u00f3n, Chile, 2010-11 ISBN 978-956-8890-13-1, 60 paginas&nbsp; &gt; catalogo completo &nbsp; 2010 Francisco Sanfuentes, Rainer Krause (Eds.): [Pensar el \/ trabajar con \/ sonido en [&hellip;]<\/p>\n","protected":false},"author":2,"featured_media":0,"parent":1211,"menu_order":5,"comment_status":"closed","ping_status":"closed","template":"","meta":{"ngg_post_thumbnail":0,"footnotes":""},"class_list":["post-1215","page","type-page","status-publish","hentry"],"_links":{"self":[{"href":"https:\/\/rkrause.cl\/web\/index.php?rest_route=\/wp\/v2\/pages\/1215"}],"collection":[{"href":"https:\/\/rkrause.cl\/web\/index.php?rest_route=\/wp\/v2\/pages"}],"about":[{"href":"https:\/\/rkrause.cl\/web\/index.php?rest_route=\/wp\/v2\/types\/page"}],"author":[{"embeddable":true,"href":"https:\/\/rkrause.cl\/web\/index.php?rest_route=\/wp\/v2\/users\/2"}],"replies":[{"embeddable":true,"href":"https:\/\/rkrause.cl\/web\/index.php?rest_route=%2Fwp%2Fv2%2Fcomments&post=1215"}],"version-history":[{"count":30,"href":"https:\/\/rkrause.cl\/web\/index.php?rest_route=\/wp\/v2\/pages\/1215\/revisions"}],"predecessor-version":[{"id":5175,"href":"https:\/\/rkrause.cl\/web\/index.php?rest_route=\/wp\/v2\/pages\/1215\/revisions\/5175"}],"up":[{"embeddable":true,"href":"https:\/\/rkrause.cl\/web\/index.php?rest_route=\/wp\/v2\/pages\/1211"}],"wp:attachment":[{"href":"https:\/\/rkrause.cl\/web\/index.php?rest_route=%2Fwp%2Fv2%2Fmedia&parent=1215"}],"curies":[{"name":"wp","href":"https:\/\/api.w.org\/{rel}","templated":true}]}}