{"id":1694,"date":"2018-02-26T06:12:52","date_gmt":"2018-02-26T06:12:52","guid":{"rendered":"https:\/\/rkrause.cl\/web\/?page_id=1694"},"modified":"2018-08-13T20:28:44","modified_gmt":"2018-08-13T23:28:44","slug":"catalogos-libros-cds-curatorias","status":"publish","type":"page","link":"https:\/\/rkrause.cl\/web\/?page_id=1694","title":{"rendered":"Cat\u00e1logos \/ libros monogr\u00e1ficos"},"content":{"rendered":"<h2>Cat\u00e1logos \/ libros monogr\u00e1ficos (en construcci\u00f3n)<\/h2>\n<h6>2018<\/h6>\n<p><img loading=\"lazy\" decoding=\"async\" class=\"size-full wp-image-5193 alignleft\" src=\"https:\/\/rkrause.cl\/web\/wp-content\/uploads\/2018\/08\/La-isla-reconocimiento-libro_mini.jpg\" alt=\"\" width=\"150\" height=\"150\" srcset=\"https:\/\/rkrause.cl\/web\/wp-content\/uploads\/2018\/08\/La-isla-reconocimiento-libro_mini.jpg 150w, https:\/\/rkrause.cl\/web\/wp-content\/uploads\/2018\/08\/La-isla-reconocimiento-libro_mini-50x50.jpg 50w, https:\/\/rkrause.cl\/web\/wp-content\/uploads\/2018\/08\/La-isla-reconocimiento-libro_mini-100x100.jpg 100w\" sizes=\"(max-width: 150px) 100vw, 150px\" \/>Rainer Krause: <em>La isla [reconocimiento]<\/em>. Santiago de Chile (Adrede), 2018<br \/>\nLibro del proyecto <em>La isla [reconocimiento]<\/em>. Santiago de Chile, 2016-2018<br \/>\nISBN 978-956-9340-13-0, 96 p\u00e1ginas, 750 ejemplares<\/p>\n<p>textos: Fern\u00e1ndo P\u00e9rez Villal\u00f3n: \u00abUna ola es una onda\u00bb, \u00abUma onda \u00e9 uma onda\u00bb, \u00abA wave is a ripple\u00bb; Rainer Krause: \u00abLa isla [reconocimiento]\u00bb, \u00abA ilha [reconhecimento]\u00bb, \u00abThe island [recognition]\u00bb; Ignacio Szmulewics Ram\u00edrez: \u00abDel paisaje sonoro a la comunidad digital\u00bb, \u00abDa paisagem sonora \u00e0 comunidade digital\u00bb, \u00abFrom soundscape to the digital community\u00bb; Daniel Reyes Le\u00f3n: \u00abLas frecuencias inaudibles de un reconocimiento\u00bb, \u00abAs frequ\u00eancias inaud\u00edveis de um reconhecimento\u00bb, \u00abThe inaudible frequencies of a recognition\u00bb.<\/p>\n<p>&gt; <a href=\"http:\/\/la-isla-reconocimiento.cl\/\" target=\"_blank\" rel=\"noopener\">la-isla-reconcimiento.cl<\/a><br \/>\n<a href=\"http:\/\/www.la-isla-archivo.cl\" target=\"_blank\" rel=\"noopener\">&gt; www.la-isla-archivo.cl<\/a><\/p>\n<hr>\n<h6>2016<\/h6>\n<p><img loading=\"lazy\" decoding=\"async\" class=\"size-full wp-image-5143 alignleft\" src=\"https:\/\/rkrause.cl\/web\/wp-content\/uploads\/2018\/08\/16-11_kafkage-para-mall_mini.jpg\" alt=\"\" width=\"150\" height=\"150\" srcset=\"https:\/\/rkrause.cl\/web\/wp-content\/uploads\/2018\/08\/16-11_kafkage-para-mall_mini.jpg 150w, https:\/\/rkrause.cl\/web\/wp-content\/uploads\/2018\/08\/16-11_kafkage-para-mall_mini-50x50.jpg 50w, https:\/\/rkrause.cl\/web\/wp-content\/uploads\/2018\/08\/16-11_kafkage-para-mall_mini-100x100.jpg 100w\" sizes=\"(max-width: 150px) 100vw, 150px\" \/><span style=\"font-family: -apple-system, BlinkMacSystemFont, 'Segoe UI', Roboto, Oxygen-Sans, Ubuntu, Cantarell, 'Helvetica Neue', sans-serif;\">Rainer Krause, Mauricio Barr\u00eda: <\/span><em style=\"font-family: -apple-system, BlinkMacSystemFont, 'Segoe UI', Roboto, Oxygen-Sans, Ubuntu, Cantarell, 'Helvetica Neue', sans-serif;\">&gt;[&#8216;Kafkage] para mall&lt;. <\/em>Santiago de Chile (Direcci\u00f3n de Creaci\u00f3n, Facultad de Artes, Universidad de Chile), 2016<br \/>\nLibro del proyecto&nbsp;<em style=\"font-family: -apple-system, BlinkMacSystemFont, 'Segoe UI', Roboto, Oxygen-Sans, Ubuntu, Cantarell, 'Helvetica Neue', sans-serif;\">&gt;[&#8216;Kafkage] para mall&lt;. <\/em>Santiago de Chile, 2015<br \/>\nISBN 978-956-19-0951-9, 68 p\u00e1ginas, 500 ejemplares<\/p>\n<p>&gt; <a href=\"https:\/\/rkrause.cl\/web\/?page_id=1685\" target=\"_blank\" rel=\"noopener\">[&#8216;Kaf<em>kage<\/em>] para <em>mall<\/em><\/a><br \/>\n&gt;&nbsp;<a href=\"http:\/\/arteuchile.uchile.cl\/descargas\/dav\/archivo_digital\/kafkage-para-mall.pdf\" target=\"_blank\" rel=\"noopener\">selecci\u00f3n del libro<\/a><\/p>\n<p>&nbsp;<\/p>\n<hr>\n<h6>2015<\/h6>\n<p><img loading=\"lazy\" decoding=\"async\" class=\"size-full wp-image-5142 alignleft\" src=\"https:\/\/rkrause.cl\/web\/wp-content\/uploads\/2018\/08\/15-00_n_mini.jpg\" alt=\"\" width=\"150\" height=\"150\" srcset=\"https:\/\/rkrause.cl\/web\/wp-content\/uploads\/2018\/08\/15-00_n_mini.jpg 150w, https:\/\/rkrause.cl\/web\/wp-content\/uploads\/2018\/08\/15-00_n_mini-50x50.jpg 50w, https:\/\/rkrause.cl\/web\/wp-content\/uploads\/2018\/08\/15-00_n_mini-100x100.jpg 100w\" sizes=\"(max-width: 150px) 100vw, 150px\" \/><span style=\"font-family: -apple-system, BlinkMacSystemFont, 'Segoe UI', Roboto, Oxygen-Sans, Ubuntu, Cantarell, 'Helvetica Neue', sans-serif;\">RadioRuido.2: <\/span><em style=\"font-family: -apple-system, BlinkMacSystemFont, 'Segoe UI', Roboto, Oxygen-Sans, Ubuntu, Cantarell, 'Helvetica Neue', sans-serif;\">n. <\/em>Santiago de Chile (Departamento de Artes Visuales, Facultad de Artes, Universidad de Chile), 2015<br \/>\nLibro del proyecto&nbsp;<em style=\"font-family: -apple-system, BlinkMacSystemFont, 'Segoe UI', Roboto, Oxygen-Sans, Ubuntu, Cantarell, 'Helvetica Neue', sans-serif;\">n. <\/em>Santiago de Chile, 2015<br \/>\nISBN 978-956-19-0942-7, 92 p\u00e1ginas, 850 ejemplares<\/p>\n<p>&gt; <a href=\"https:\/\/rkrause.cl\/web\/?page_id=1687\" target=\"_blank\" rel=\"noopener\">n<\/a><\/p>\n<p>&nbsp;<\/p>\n<p>&nbsp;<\/p>\n<hr>\n<h6>2012<\/h6>\n<p><img loading=\"lazy\" decoding=\"async\" class=\"size-full wp-image-5141 alignleft\" src=\"https:\/\/rkrause.cl\/web\/wp-content\/uploads\/2018\/08\/12-11_1terabyte-1_mini.jpg\" alt=\"\" width=\"150\" height=\"150\" srcset=\"https:\/\/rkrause.cl\/web\/wp-content\/uploads\/2018\/08\/12-11_1terabyte-1_mini.jpg 150w, https:\/\/rkrause.cl\/web\/wp-content\/uploads\/2018\/08\/12-11_1terabyte-1_mini-50x50.jpg 50w, https:\/\/rkrause.cl\/web\/wp-content\/uploads\/2018\/08\/12-11_1terabyte-1_mini-100x100.jpg 100w\" sizes=\"(max-width: 150px) 100vw, 150px\" \/><span style=\"font-family: -apple-system, BlinkMacSystemFont, 'Segoe UI', Roboto, Oxygen-Sans, Ubuntu, Cantarell, 'Helvetica Neue', sans-serif;\">Rainer Krause: <em>1 Terabyte<\/em><\/span><em style=\"font-family: -apple-system, BlinkMacSystemFont, 'Segoe UI', Roboto, Oxygen-Sans, Ubuntu, Cantarell, 'Helvetica Neue', sans-serif;\">. <\/em>Santiago de Chile (Departamento de Artes Visuales, Facultad de Artes, Universidad de Chile), 2012<br \/>\nCat\u00e1logo on-line de la exposici\u00f3n&nbsp;<em>1 Terabyte<\/em>. Sala Juan Egenau, Universidad de Chile, 2012<\/p>\n<p>&gt; <a href=\"http:\/\/arteuchile.uchile.cl\/descargas\/SJE\/2012\/1terabyte.pdf\" target=\"_blank\" rel=\"noopener\">cat\u00e1logo<\/a><br \/>\n&gt; <a href=\"https:\/\/rkrause.cl\/web\/?page_id=1449\" target=\"_blank\" rel=\"noopener\">1 Terabyte<\/a><\/p>\n<p>&nbsp;<\/p>\n<hr>\n<h6>2010<\/h6>\n<p><img loading=\"lazy\" decoding=\"async\" class=\"size-full wp-image-5140 alignleft\" src=\"https:\/\/rkrause.cl\/web\/wp-content\/uploads\/2018\/08\/10-00_1-cm2_mini.jpg\" alt=\"\" width=\"150\" height=\"150\" srcset=\"https:\/\/rkrause.cl\/web\/wp-content\/uploads\/2018\/08\/10-00_1-cm2_mini.jpg 150w, https:\/\/rkrause.cl\/web\/wp-content\/uploads\/2018\/08\/10-00_1-cm2_mini-50x50.jpg 50w, https:\/\/rkrause.cl\/web\/wp-content\/uploads\/2018\/08\/10-00_1-cm2_mini-100x100.jpg 100w\" sizes=\"(max-width: 150px) 100vw, 150px\" \/><span style=\"font-family: -apple-system, BlinkMacSystemFont, 'Segoe UI', Roboto, Oxygen-Sans, Ubuntu, Cantarell, 'Helvetica Neue', sans-serif;\">Rainer Krause: <\/span><em style=\"font-family: -apple-system, BlinkMacSystemFont, 'Segoe UI', Roboto, Oxygen-Sans, Ubuntu, Cantarell, 'Helvetica Neue', sans-serif;\">1 cm\u00b2. <\/em>Santiago de Chile (Departamento de Artes Visuales, Facultad de Artes, Universidad de Chile), 2010<br \/>\nISBN 978-956-19-0732-4, 162 p\u00e1ginas troquelados, 250 ejemplares<\/p>\n<p>&gt;&nbsp;<a style=\"font-family: -apple-system, BlinkMacSystemFont, 'Segoe UI', Roboto, Oxygen-Sans, Ubuntu, Cantarell, 'Helvetica Neue', sans-serif;\" href=\"https:\/\/rkrause.cl\/web\/wp-content\/uploads\/2018\/03\/Geo-metria.pdf\" target=\"_blank\" rel=\"noopener\">texto introductorio: Leonor Casta\u00f1eda &#8211; Geo-metr\u00eda<\/a><br \/>\n&gt;&nbsp;<a href=\"http:\/\/arteuchile.uchile.cl\/descargas\/publicaciones\/artes_visuales\/2011\/1cm2.pdf\" target=\"_blank\" rel=\"noopener\">selecci\u00f3n del libro<br \/>\n<\/a>&gt;&nbsp;<a href=\"https:\/\/rkrause.cl\/web\/?page_id=1658\" target=\"_blank\" rel=\"noopener\">1cm<span style=\"font-family: -apple-system, BlinkMacSystemFont, 'Segoe UI', Roboto, Oxygen-Sans, Ubuntu, Cantarell, 'Helvetica Neue', sans-serif;\">\u00b2<\/span><\/a><\/p>\n<p>&nbsp;<\/p>\n<hr>\n<h6>2007<\/h6>\n<p><img loading=\"lazy\" decoding=\"async\" class=\"size-full wp-image-5139 alignleft\" src=\"https:\/\/rkrause.cl\/web\/wp-content\/uploads\/2018\/08\/07_07_Cambiar-la-pronunciacion_mini.jpg\" alt=\"\" width=\"150\" height=\"150\" srcset=\"https:\/\/rkrause.cl\/web\/wp-content\/uploads\/2018\/08\/07_07_Cambiar-la-pronunciacion_mini.jpg 150w, https:\/\/rkrause.cl\/web\/wp-content\/uploads\/2018\/08\/07_07_Cambiar-la-pronunciacion_mini-50x50.jpg 50w, https:\/\/rkrause.cl\/web\/wp-content\/uploads\/2018\/08\/07_07_Cambiar-la-pronunciacion_mini-100x100.jpg 100w\" sizes=\"(max-width: 150px) 100vw, 150px\" \/><span style=\"font-family: -apple-system, BlinkMacSystemFont, 'Segoe UI', Roboto, Oxygen-Sans, Ubuntu, Cantarell, 'Helvetica Neue', sans-serif;\">Rainer Krause: <\/span><em style=\"font-family: -apple-system, BlinkMacSystemFont, 'Segoe UI', Roboto, Oxygen-Sans, Ubuntu, Cantarell, 'Helvetica Neue', sans-serif;\">Cambiar la pronunciaci\u00f3n del propio nombre&#8230;<\/em><br \/>\nCat\u00e1logo de la exposici\u00f3n&nbsp;<em>Cambiar la pronunciaci\u00f3n del propio nombre.&nbsp;<\/em>Galer\u00eda de la Universidad Cat\u00f3lica de Temuco, Chile, 2007<br \/>\nD\u00edptico, 4 paginas<\/p>\n<p>&gt;&nbsp;<a style=\"font-family: -apple-system, BlinkMacSystemFont, 'Segoe UI', Roboto, Oxygen-Sans, Ubuntu, Cantarell, 'Helvetica Neue', sans-serif;\" href=\"http:\/\/rkrause.cl\/web\/wp-content\/uploads\/2009\/03\/07_07_cambiar-la-pronunciacion.pdf\" target=\"_blank\" rel=\"noopener\">d\u00edptico<\/a><\/p>\n<p>&nbsp;<\/p>\n<hr>\n<h6>2000<\/h6>\n<p><img loading=\"lazy\" decoding=\"async\" class=\"size-full wp-image-5138 alignleft\" src=\"https:\/\/rkrause.cl\/web\/wp-content\/uploads\/2018\/08\/00_10-Material-de-dialogo_mini.jpg\" alt=\"\" width=\"150\" height=\"150\" srcset=\"https:\/\/rkrause.cl\/web\/wp-content\/uploads\/2018\/08\/00_10-Material-de-dialogo_mini.jpg 150w, https:\/\/rkrause.cl\/web\/wp-content\/uploads\/2018\/08\/00_10-Material-de-dialogo_mini-50x50.jpg 50w, https:\/\/rkrause.cl\/web\/wp-content\/uploads\/2018\/08\/00_10-Material-de-dialogo_mini-100x100.jpg 100w\" sizes=\"(max-width: 150px) 100vw, 150px\" \/><\/p>\n<p><span style=\"font-family: -apple-system, BlinkMacSystemFont, 'Segoe UI', Roboto, Oxygen-Sans, Ubuntu, Cantarell, 'Helvetica Neue', sans-serif;\">Rainer Krause, Oscar Concha: <\/span><em style=\"font-family: -apple-system, BlinkMacSystemFont, 'Segoe UI', Roboto, Oxygen-Sans, Ubuntu, Cantarell, 'Helvetica Neue', sans-serif;\">Material de Di\u00e1logo<\/em><br \/>\nCat\u00e1logo de la exposici\u00f3n&nbsp;<em>Material de di\u00e1logo<\/em>&nbsp;(junto con Oscar Concha). Centro de Extensi\u00f3n, Universidad Cat\u00f3lica, Santiago de Chile, 2000<br \/>\nD\u00edptico, 4 paginas<\/p>\n<p>&gt;&nbsp;<a style=\"font-family: -apple-system, BlinkMacSystemFont, 'Segoe UI', Roboto, Oxygen-Sans, Ubuntu, Cantarell, 'Helvetica Neue', sans-serif;\" href=\"http:\/\/rkrause.cl\/web\/wp-content\/uploads\/2009\/03\/00_10_material-de-dialogo.pdf\" target=\"_blank\" rel=\"noopener\">d\u00edptico<\/a><\/p>\n<p>&nbsp;<\/p>\n<p><img loading=\"lazy\" decoding=\"async\" class=\"size-full wp-image-5137 alignleft\" src=\"https:\/\/rkrause.cl\/web\/wp-content\/uploads\/2018\/08\/00_08_Errores_mini.jpg\" alt=\"\" width=\"150\" height=\"150\" srcset=\"https:\/\/rkrause.cl\/web\/wp-content\/uploads\/2018\/08\/00_08_Errores_mini.jpg 150w, https:\/\/rkrause.cl\/web\/wp-content\/uploads\/2018\/08\/00_08_Errores_mini-50x50.jpg 50w, https:\/\/rkrause.cl\/web\/wp-content\/uploads\/2018\/08\/00_08_Errores_mini-100x100.jpg 100w\" sizes=\"(max-width: 150px) 100vw, 150px\" \/><\/p>\n<p><span style=\"font-family: -apple-system, BlinkMacSystemFont, 'Segoe UI', Roboto, Oxygen-Sans, Ubuntu, Cantarell, 'Helvetica Neue', sans-serif;\">Rainer Krause: <\/span><em style=\"font-family: -apple-system, BlinkMacSystemFont, 'Segoe UI', Roboto, Oxygen-Sans, Ubuntu, Cantarell, 'Helvetica Neue', sans-serif;\">Errores<\/em><br \/>\nCat\u00e1logo de la exposici\u00f3n&nbsp;<em>Errores<\/em>. Goethe-Institut, Santiago de Chile, 2000<br \/>\n20 paginas<\/p>\n<p>&gt;&nbsp;<a style=\"font-family: -apple-system, BlinkMacSystemFont, 'Segoe UI', Roboto, Oxygen-Sans, Ubuntu, Cantarell, 'Helvetica Neue', sans-serif;\" href=\"http:\/\/rkrause.cl\/web\/wp-content\/uploads\/2009\/03\/00_08_errores.pdf\" target=\"_blank\" rel=\"noopener\">cat\u00e1logo<\/a><\/p>\n<p>&nbsp;<\/p>\n<p>&nbsp;<\/p>\n<hr>\n<h6>1999<\/h6>\n<p><img loading=\"lazy\" decoding=\"async\" class=\"size-full wp-image-5149 alignleft\" src=\"https:\/\/rkrause.cl\/web\/wp-content\/uploads\/2018\/08\/99_08_Tres-Instalaciones_mini.jpg\" alt=\"\" width=\"150\" height=\"150\" srcset=\"https:\/\/rkrause.cl\/web\/wp-content\/uploads\/2018\/08\/99_08_Tres-Instalaciones_mini.jpg 150w, https:\/\/rkrause.cl\/web\/wp-content\/uploads\/2018\/08\/99_08_Tres-Instalaciones_mini-50x50.jpg 50w, https:\/\/rkrause.cl\/web\/wp-content\/uploads\/2018\/08\/99_08_Tres-Instalaciones_mini-100x100.jpg 100w\" sizes=\"(max-width: 150px) 100vw, 150px\" \/><\/p>\n<p><span style=\"font-family: -apple-system, BlinkMacSystemFont, 'Segoe UI', Roboto, Oxygen-Sans, Ubuntu, Cantarell, 'Helvetica Neue', sans-serif;\">Rainer Krause: <\/span><em style=\"font-family: -apple-system, BlinkMacSystemFont, 'Segoe UI', Roboto, Oxygen-Sans, Ubuntu, Cantarell, 'Helvetica Neue', sans-serif;\">Tres instalaciones y una maqueta<\/em><br \/>\nCat\u00e1logo de la exposici\u00f3n&nbsp;<em>Tres instalaciones y una maqueta<\/em>. Galer\u00eda P. An\u00edbal Pinto, Temuco, Chile, 1999<br \/>\n8 paginas<\/p>\n<p>&gt;&nbsp;<a style=\"font-family: -apple-system, BlinkMacSystemFont, 'Segoe UI', Roboto, Oxygen-Sans, Ubuntu, Cantarell, 'Helvetica Neue', sans-serif;\" href=\"http:\/\/rkrause.cl\/web\/wp-content\/uploads\/2009\/03\/99_08_tres-instalaciones.pdf\" target=\"_blank\" rel=\"noopener\">cat\u00e1logo<\/a><\/p>\n<p>&nbsp;<\/p>\n<p>&nbsp;<\/p>\n<hr>\n<h6>1998<\/h6>\n<p><img loading=\"lazy\" decoding=\"async\" class=\"size-full wp-image-5148 alignleft\" src=\"https:\/\/rkrause.cl\/web\/wp-content\/uploads\/2018\/08\/98_11_Instalaciones-Minimas_mini.jpg\" alt=\"\" width=\"150\" height=\"150\" srcset=\"https:\/\/rkrause.cl\/web\/wp-content\/uploads\/2018\/08\/98_11_Instalaciones-Minimas_mini.jpg 150w, https:\/\/rkrause.cl\/web\/wp-content\/uploads\/2018\/08\/98_11_Instalaciones-Minimas_mini-50x50.jpg 50w, https:\/\/rkrause.cl\/web\/wp-content\/uploads\/2018\/08\/98_11_Instalaciones-Minimas_mini-100x100.jpg 100w\" sizes=\"(max-width: 150px) 100vw, 150px\" \/><span style=\"font-family: -apple-system, BlinkMacSystemFont, 'Segoe UI', Roboto, Oxygen-Sans, Ubuntu, Cantarell, 'Helvetica Neue', sans-serif;\">Rainer Krause: <\/span><em style=\"font-family: -apple-system, BlinkMacSystemFont, 'Segoe UI', Roboto, Oxygen-Sans, Ubuntu, Cantarell, 'Helvetica Neue', sans-serif;\">Instalaciones m\u00ednimas en el espacio p\u00fablico<\/em><br \/>\nCat\u00e1logo del proyecto&nbsp;<i>Instalaciones m\u00ednimas en el espacio p\u00fablico. <\/i>10 edificios estatales<i>,<\/i>&nbsp;Santiago de Chile, 1998<br \/>\n38 paginas, 1500 ejemplares<\/p>\n<p>&gt;&nbsp;<a style=\"font-family: -apple-system, BlinkMacSystemFont, 'Segoe UI', Roboto, Oxygen-Sans, Ubuntu, Cantarell, 'Helvetica Neue', sans-serif;\" href=\"http:\/\/rkrause.cl\/web\/wp-content\/uploads\/2009\/03\/98_09_instalaciones-minimas.pdf\" target=\"_blank\" rel=\"noopener\">cat\u00e1logo<\/a><\/p>\n<p>&nbsp;<\/p>\n<p>&nbsp;<\/p>\n<hr>\n<h6>1996<\/h6>\n<p><img loading=\"lazy\" decoding=\"async\" class=\"size-full wp-image-5147 alignleft\" src=\"https:\/\/rkrause.cl\/web\/wp-content\/uploads\/2018\/08\/96_06_Paisajes-Marginales_mini.jpg\" alt=\"\" width=\"150\" height=\"150\" srcset=\"https:\/\/rkrause.cl\/web\/wp-content\/uploads\/2018\/08\/96_06_Paisajes-Marginales_mini.jpg 150w, https:\/\/rkrause.cl\/web\/wp-content\/uploads\/2018\/08\/96_06_Paisajes-Marginales_mini-50x50.jpg 50w, https:\/\/rkrause.cl\/web\/wp-content\/uploads\/2018\/08\/96_06_Paisajes-Marginales_mini-100x100.jpg 100w\" sizes=\"(max-width: 150px) 100vw, 150px\" \/><\/p>\n<p>Rainer Krause: <em>Paisajes marginales \/ Las listas<\/em><br \/>\nCat\u00e1logo de la exposici\u00f3n&nbsp;<em>Paisajes Marginales \/ Las Listas<\/em>. Museo Nacional de Bellas Artes, Santiago de Chile, 1996<br \/>\n20 paginas<\/p>\n<p>&gt;&nbsp;<a style=\"font-family: -apple-system, BlinkMacSystemFont, 'Segoe UI', Roboto, Oxygen-Sans, Ubuntu, Cantarell, 'Helvetica Neue', sans-serif;\" href=\"http:\/\/rkrause.cl\/web\/wp-content\/uploads\/2009\/03\/96_06_paisajes-marginales.pdf\" target=\"_blank\" rel=\"noopener\">cat\u00e1logo<\/a><\/p>\n<h6>&nbsp;&nbsp;<\/h6>\n<hr>\n<h6>1994<\/h6>\n<p><img loading=\"lazy\" decoding=\"async\" class=\"size-full wp-image-5146 alignleft\" src=\"https:\/\/rkrause.cl\/web\/wp-content\/uploads\/2018\/08\/94_11_Disculpe-Molestias_mini.jpg\" alt=\"\" width=\"150\" height=\"150\" srcset=\"https:\/\/rkrause.cl\/web\/wp-content\/uploads\/2018\/08\/94_11_Disculpe-Molestias_mini.jpg 150w, https:\/\/rkrause.cl\/web\/wp-content\/uploads\/2018\/08\/94_11_Disculpe-Molestias_mini-50x50.jpg 50w, https:\/\/rkrause.cl\/web\/wp-content\/uploads\/2018\/08\/94_11_Disculpe-Molestias_mini-100x100.jpg 100w\" sizes=\"(max-width: 150px) 100vw, 150px\" \/><\/p>\n<p>Rainer Krause: <em>Disculpe las mol\u00e9stias por causa del progreso art\u00edstico<\/em><br \/>\nCat\u00e1logo de la exposici\u00f3n&nbsp;<em>Disculpe las molestias por causa del progreso art\u00edstico<\/em>. Museo de Arte Contempor\u00e1neo, Santiago de Chile, 1994<br \/>\n12 paginas<\/p>\n<p>&gt;&nbsp;<a style=\"font-family: -apple-system, BlinkMacSystemFont, 'Segoe UI', Roboto, Oxygen-Sans, Ubuntu, Cantarell, 'Helvetica Neue', sans-serif;\" href=\"http:\/\/rkrause.cl\/web\/wp-content\/uploads\/2009\/03\/94_11_disculpe-las-molestias.pdf\" target=\"_blank\" rel=\"noopener\">cat\u00e1logo<\/a><\/p>\n<p>&nbsp;<\/p>\n<hr>\n<h6>1992<\/h6>\n<p><img loading=\"lazy\" decoding=\"async\" class=\"size-full wp-image-5145 alignleft\" src=\"https:\/\/rkrause.cl\/web\/wp-content\/uploads\/2018\/08\/92_07_Piedra-que-Llora_mini.jpg\" alt=\"\" width=\"150\" height=\"150\" srcset=\"https:\/\/rkrause.cl\/web\/wp-content\/uploads\/2018\/08\/92_07_Piedra-que-Llora_mini.jpg 150w, https:\/\/rkrause.cl\/web\/wp-content\/uploads\/2018\/08\/92_07_Piedra-que-Llora_mini-50x50.jpg 50w, https:\/\/rkrause.cl\/web\/wp-content\/uploads\/2018\/08\/92_07_Piedra-que-Llora_mini-100x100.jpg 100w\" sizes=\"(max-width: 150px) 100vw, 150px\" \/><\/p>\n<p>Rainer Krause: <em>Am\u00e9rica &#8211; la piedra que llora<\/em><br \/>\nCat\u00e1logo de la exposici\u00f3n&nbsp;<em>Am\u00e9rica \u2013 La piedra que llora<\/em>. Galer\u00eda Posada del Corregidor, Santiago de Chile, 1992<br \/>\nafiche plegable<\/p>\n<p>&gt;&nbsp;<a style=\"font-family: -apple-system, BlinkMacSystemFont, 'Segoe UI', Roboto, Oxygen-Sans, Ubuntu, Cantarell, 'Helvetica Neue', sans-serif;\" href=\"http:\/\/rkrause.cl\/web\/wp-content\/uploads\/2009\/03\/92_07_america.pdf\" target=\"_blank\" rel=\"noopener\">cat\u00e1logo<\/a><\/p>\n<p>&nbsp;<\/p>\n<p>&nbsp;<\/p>\n<hr>\n<h6>1990<\/h6>\n<p><img loading=\"lazy\" decoding=\"async\" class=\"size-full wp-image-5144 alignleft\" src=\"https:\/\/rkrause.cl\/web\/wp-content\/uploads\/2018\/08\/90_04_Llegada-Pintor_mini.jpg\" alt=\"\" width=\"150\" height=\"150\" srcset=\"https:\/\/rkrause.cl\/web\/wp-content\/uploads\/2018\/08\/90_04_Llegada-Pintor_mini.jpg 150w, https:\/\/rkrause.cl\/web\/wp-content\/uploads\/2018\/08\/90_04_Llegada-Pintor_mini-50x50.jpg 50w, https:\/\/rkrause.cl\/web\/wp-content\/uploads\/2018\/08\/90_04_Llegada-Pintor_mini-100x100.jpg 100w\" sizes=\"(max-width: 150px) 100vw, 150px\" \/><\/p>\n<p>Rainer Krause: <em>La llegada de un pintor<\/em><br \/>\nCat\u00e1logo de la exposici\u00f3n&nbsp;<em>La llegada de un pintor<\/em>. Instituto Cultural de Las Condes, Santiago de Chile, 1990<br \/>\n8 paginas<\/p>\n<p>&gt;&nbsp;<a href=\"http:\/\/rkrause.cl\/web\/wp-content\/uploads\/2009\/03\/90_04_llegada-del-pintor.pdf\" target=\"_blank\" rel=\"noopener\">cat\u00e1logo<\/a><\/p>\n<p>&nbsp;<\/p>\n<p>&nbsp;<\/p>\n<hr>\n<p>\/table&gt;<\/p>\n","protected":false},"excerpt":{"rendered":"<p>Cat\u00e1logos \/ libros monogr\u00e1ficos (en construcci\u00f3n) 2018 Rainer Krause: La isla [reconocimiento]. Santiago de Chile (Adrede), 2018 Libro del proyecto La isla [reconocimiento]. Santiago de Chile, 2016-2018 ISBN 978-956-9340-13-0, 96 p\u00e1ginas, 750 ejemplares textos: Fern\u00e1ndo P\u00e9rez Villal\u00f3n: \u00abUna ola es una onda\u00bb, \u00abUma onda \u00e9 uma onda\u00bb, \u00abA wave is a ripple\u00bb; Rainer Krause: \u00abLa [&hellip;]<\/p>\n","protected":false},"author":1,"featured_media":0,"parent":1211,"menu_order":1,"comment_status":"closed","ping_status":"closed","template":"","meta":{"ngg_post_thumbnail":0,"footnotes":""},"class_list":["post-1694","page","type-page","status-publish","hentry"],"_links":{"self":[{"href":"https:\/\/rkrause.cl\/web\/index.php?rest_route=\/wp\/v2\/pages\/1694"}],"collection":[{"href":"https:\/\/rkrause.cl\/web\/index.php?rest_route=\/wp\/v2\/pages"}],"about":[{"href":"https:\/\/rkrause.cl\/web\/index.php?rest_route=\/wp\/v2\/types\/page"}],"author":[{"embeddable":true,"href":"https:\/\/rkrause.cl\/web\/index.php?rest_route=\/wp\/v2\/users\/1"}],"replies":[{"embeddable":true,"href":"https:\/\/rkrause.cl\/web\/index.php?rest_route=%2Fwp%2Fv2%2Fcomments&post=1694"}],"version-history":[{"count":76,"href":"https:\/\/rkrause.cl\/web\/index.php?rest_route=\/wp\/v2\/pages\/1694\/revisions"}],"predecessor-version":[{"id":5198,"href":"https:\/\/rkrause.cl\/web\/index.php?rest_route=\/wp\/v2\/pages\/1694\/revisions\/5198"}],"up":[{"embeddable":true,"href":"https:\/\/rkrause.cl\/web\/index.php?rest_route=\/wp\/v2\/pages\/1211"}],"wp:attachment":[{"href":"https:\/\/rkrause.cl\/web\/index.php?rest_route=%2Fwp%2Fv2%2Fmedia&parent=1694"}],"curies":[{"name":"wp","href":"https:\/\/api.w.org\/{rel}","templated":true}]}}