{"id":245,"date":"2009-03-07T11:47:29","date_gmt":"2009-03-07T11:47:29","guid":{"rendered":"http:\/\/rkrause.cl\/web\/?page_id=245"},"modified":"2019-07-24T20:44:11","modified_gmt":"2019-07-24T23:44:11","slug":"2006-kreuzfahrt","status":"publish","type":"page","link":"https:\/\/rkrause.cl\/web\/?page_id=245","title":{"rendered":"[2006] Kreuzfahrt"},"content":{"rendered":"<h2>Kreuzfahrt<\/h2>\n<h6 class=\"Base1\">Barcelona \/ Santiago de Chile, 2004 &#8211; 2006<br \/>\n<em>Tsonami, Encuentro de Arte Sonoro<\/em>. Valpara\u00edso, Chile, 2009<br \/>\n<em>Kreuzfahrt, o la posici\u00f3n del sujeto<\/em>. Centro de Arte Actual Le Lieu, Qu\u00e9bec, Canad\u00e1, 2007<br \/>\n<em>Cambiar la pronunciaci\u00f3n del propio nombre. <\/em>Galer\u00eda de la Universidad Cat\u00f3lica de Temuco, Chile, 2007<br \/>\n<em>Kreuzfahrt<\/em>. Galer\u00eda de la Universidad UNIACC, Santiago de Chile, 2006<\/h6>\n<p class=\"Base1\">Instalaci\u00f3n sonora<br \/>\nAudio 5.1,&nbsp;23&#8217;37\u00bb<\/p>\n<p class=\"Base1\">Grabaciones: RK, Barcelona, 2004<\/p>\n<p>ngg_shortcode_0_placeholder<\/p>\n<p>Track Versi\u00f3n CD<strong>&nbsp;<\/strong>&gt;&nbsp;<a href=\"http:\/\/www.rkrause.cl\/web\/wp-content\/uploads\/2009\/03\/kreuzfahrt.mp3\">Kreuzfahrt<\/a><\/p>\n<p>__________________________________<\/p>\n<p class=\"Base1\">La base de la obra son grabaciones de audio en el camino de casa hacia mi lugar de trabajo en Barcelona.<\/p>\n<p class=\"Base1\">En Santiago empec\u00e9 a ordenar los sonidos y componerlos como un paisaje sonoro. Con la distancia temporal y geogr\u00e1fica cambi\u00f3 la importancia de cada grabaci\u00f3n, ahora las asociaciones son otras que las situaciones reales de este tiempo. Eso me permite nuevas formas de trabajo con el material, independientemente de lo anecd\u00f3tico.<\/p>\n<p class=\"Base1\">En \u00abKreuzfahrt\u00bb (viaje cruzado) se escucha simult\u00e1neamente en un lado los sonidos del camino desde mi casa hacia mi oficina de trabajo (puertas, ruidos de autos, viaje en metro, subiendo escaleras) y en el otro el regreso a casa (sonidos parecidos pero en otro orden). En el transcurso de la pieza sonora los sonidos de los lados establecen distintas relaciones entre si (secuencia de despedidas en casa y en la oficina, sobreposiciones de viajes en metro, simultaneidad de ruido callejero y m\u00fasica de fondo de los andenes, etc.). En forma asociativa integr\u00e9 fragmentos de sonidos de manifestaciones, programas de radio, trozos de conversaciones, ofreciendo nuevas posibilidades de interpretaci\u00f3n de realidades urbanas.<\/p>\n<p class=\"Base1\">En el medio, entremedio de los dos lados st\u00e9reo me encuentro yo (y as\u00ed el oyente). Se escuchan mis pasos, mi respiraci\u00f3n, mi toser, mi pulso, pero tambi\u00e9n el frote del micr\u00f3fono con mi chaqueta y pensamientos cortos y hablados. Yo y el oyente nos encontramos en el camino, ida y vuelta al mismo tiempo, en medio. La pieza sonora empieza con las despedidas y termina con las llegadas.<\/p>\n","protected":false},"excerpt":{"rendered":"<p>Kreuzfahrt Barcelona \/ Santiago de Chile, 2004 &#8211; 2006 Tsonami, Encuentro de Arte Sonoro. Valpara\u00edso, Chile, 2009 Kreuzfahrt, o la posici\u00f3n del sujeto. Centro de Arte Actual Le Lieu, Qu\u00e9bec, Canad\u00e1, 2007 Cambiar la pronunciaci\u00f3n del propio nombre. Galer\u00eda de la Universidad Cat\u00f3lica de Temuco, Chile, 2007 Kreuzfahrt. Galer\u00eda de la Universidad UNIACC, Santiago de [&hellip;]<\/p>\n","protected":false},"author":2,"featured_media":0,"parent":65,"menu_order":10,"comment_status":"closed","ping_status":"closed","template":"","meta":{"ngg_post_thumbnail":0,"footnotes":""},"class_list":["post-245","page","type-page","status-publish","hentry"],"_links":{"self":[{"href":"https:\/\/rkrause.cl\/web\/index.php?rest_route=\/wp\/v2\/pages\/245"}],"collection":[{"href":"https:\/\/rkrause.cl\/web\/index.php?rest_route=\/wp\/v2\/pages"}],"about":[{"href":"https:\/\/rkrause.cl\/web\/index.php?rest_route=\/wp\/v2\/types\/page"}],"author":[{"embeddable":true,"href":"https:\/\/rkrause.cl\/web\/index.php?rest_route=\/wp\/v2\/users\/2"}],"replies":[{"embeddable":true,"href":"https:\/\/rkrause.cl\/web\/index.php?rest_route=%2Fwp%2Fv2%2Fcomments&post=245"}],"version-history":[{"count":18,"href":"https:\/\/rkrause.cl\/web\/index.php?rest_route=\/wp\/v2\/pages\/245\/revisions"}],"predecessor-version":[{"id":5541,"href":"https:\/\/rkrause.cl\/web\/index.php?rest_route=\/wp\/v2\/pages\/245\/revisions\/5541"}],"up":[{"embeddable":true,"href":"https:\/\/rkrause.cl\/web\/index.php?rest_route=\/wp\/v2\/pages\/65"}],"wp:attachment":[{"href":"https:\/\/rkrause.cl\/web\/index.php?rest_route=%2Fwp%2Fv2%2Fmedia&parent=245"}],"curies":[{"name":"wp","href":"https:\/\/api.w.org\/{rel}","templated":true}]}}