{"id":5808,"date":"2020-10-27T18:15:13","date_gmt":"2020-10-27T21:15:13","guid":{"rendered":"https:\/\/rkrause.cl\/web\/?page_id=5808"},"modified":"2026-03-27T17:18:56","modified_gmt":"2026-03-27T20:18:56","slug":"2019-barricada-sonora","status":"publish","type":"page","link":"https:\/\/rkrause.cl\/web\/?page_id=5808","title":{"rendered":"[2019-21] Barricada Sonora"},"content":{"rendered":"<h2>Barricada Sonora<\/h2>\n<p>es un colectivo de intervenci\u00f3n sonora en el espacio p\u00fablico que se re\u00fane semanalmente desde diciembre de 2019 en los alrededores de la Plaza de la Dignidad en el contexto de las manifestaciones ciudadanas ocurridas desde el estallido social en Chile. El colectivo convoca abiertamente a sonar en el espacio p\u00fablico y a improvisar sonidos sin direcci\u00f3n ni condiciones predeterminadas para manifestar el descontento personal y colectivo, conformando en cada llamado una comunidad sonora temporal.<\/p>\n<p>En la l\u00f3gica del arte como herramienta de transformaci\u00f3n social en el espacio p\u00fablico, el sonido tiene una potencialidad simb\u00f3lica y democr\u00e1tica. El ruido como sonido desestructurado interrumpe el flujo habitual asociado al tr\u00e1nsito para redefinir el espacio p\u00fablico como lugar de encuentro y creaci\u00f3n, ya no exclusivamente de tr\u00e1nsito.<\/p>\n<p>El sonido es parte fundamental de la manifestaci\u00f3n p\u00fablica. Es una herramienta que viene por defecto en nuestra corporalidad: voz, gritos, cantos, golpes de objetos. Para sonar no hay pre requisitos. La Barricada Sonora propone ocupar este potencial motivados por la reapropiaci\u00f3n del espacio p\u00fablico en un ejercicio de catarsis y sublimaci\u00f3n: el espacio est\u00e1 abierto para la queja, la demanda, el reclamo y la expresi\u00f3n individual y simult\u00e1neamente la construcci\u00f3n de un sentido colectivo a trav\u00e9s de la improvisaci\u00f3n.<\/p>\n<p>Participantes en las diferentes versiones:<br \/>\nRa\u00fal D\u00edaz, Catalina Menares, Felipe Araya, Carolina Holzapfel, Lucina Lou, Eduardo Astudillo, Francisco Morales, Pamela Reyes, Rodrigo Maturana, Juan Carlos Contreras, Juan Pablo Cacciuttolo, Cristian Pinto, Julio Cort\u00e9s, Sebasti\u00e1n Jatz, Daniel Rodr\u00edguez, Eden Carrasco, Renzo Finilich, Rob Frye, Martin Frye, Mirko Petrovich, Joaqu\u00edn Rino Salas, \u00c1lvaro Araya, Esteban Robledo, Mario Z, Ervalizer, Gonzalo D\u00edaz Letelier, Alejandra Ink!eta, Erick Ink!era, Gerardo Figueroa, Bernardita P\u00e9rez, Fernanda F\u00e1brega, Agnes Paz, Mat\u00edas Pedrero, Sebasti\u00e1n Astorga, Nicol\u00e1s Letelier, Josefina Gonz\u00e1lez, Alejandro Palacios, Nicole Uteau, Tambor Ezz, Barbara Gonz\u00e1lez, M\u00f3nica Salinero, Paula Barouch, Jos\u00e9 Miguel Manr\u00edquez, Cristian Parker, Sebasti\u00e1n OE, Amanda Irarr\u00e1zaval, Rosa Angelini, Diego L\u00f3pez, Renzo Torti-Forno, Sof\u00eda Balbontin, Goli Gaete, Nicol\u00e1s Vejar, Maca Lladser, Pablo Schalscha, Karen Carrasco, Santiago Corval\u00e1n, Sebasti\u00e1n Larra\u00edn, Rainer Krause, Magdalena Isaacson, Nicol\u00e1s Jaar, Javiera Mondaca, Mar\u00eda Jes\u00fas Blanche, David Catal\u00e1n, Valentina Utz, Daniel Abdullah, Vicente Araya<\/p>\n<p>Rec.: Rainer Krause<br \/>\nSe\u00f1al\u00e9tica: Pablo Schalscha<br \/>\nFotos: diversas\/os autoras\/es<\/p>\n<p><img loading=\"lazy\" decoding=\"async\" class=\"alignnone size-full wp-image-5850\" src=\"https:\/\/rkrause.cl\/web\/wp-content\/uploads\/2020\/12\/WhatsApp-Image-2020-01-27-at-17.14.18-2.jpeg\" alt=\"\" width=\"1280\" height=\"343\" srcset=\"https:\/\/rkrause.cl\/web\/wp-content\/uploads\/2020\/12\/WhatsApp-Image-2020-01-27-at-17.14.18-2.jpeg 1280w, https:\/\/rkrause.cl\/web\/wp-content\/uploads\/2020\/12\/WhatsApp-Image-2020-01-27-at-17.14.18-2-300x80.jpeg 300w, https:\/\/rkrause.cl\/web\/wp-content\/uploads\/2020\/12\/WhatsApp-Image-2020-01-27-at-17.14.18-2-768x206.jpeg 768w, https:\/\/rkrause.cl\/web\/wp-content\/uploads\/2020\/12\/WhatsApp-Image-2020-01-27-at-17.14.18-2-700x188.jpeg 700w\" sizes=\"(max-width: 1280px) 100vw, 1280px\" \/><\/p>\n<p><iframe loading=\"lazy\" src=\"https:\/\/w.soundcloud.com\/player\/?url=https%3A\/\/api.soundcloud.com\/playlists\/1152501313&amp;color=%23ff5500&amp;auto_play=false&amp;hide_related=false&amp;show_comments=true&amp;show_user=true&amp;show_reposts=false&amp;show_teaser=true&amp;visual=true\" width=\"100%\" height=\"300\" frameborder=\"no\" scrolling=\"no\"><span data-mce-type=\"bookmark\" style=\"display: inline-block; width: 0px; overflow: hidden; line-height: 0;\" class=\"mce_SELRES_start\">?<\/span><span data-mce-type=\"bookmark\" style=\"display: inline-block; width: 0px; overflow: hidden; line-height: 0;\" class=\"mce_SELRES_start\">?<\/span><\/iframe><\/p>\n<h6><a style=\"color: #cccccc; text-decoration: none;\" title=\"barricada sonora chile\" href=\"https:\/\/soundcloud.com\/user-864271440\" target=\"_blank\" rel=\"noopener\">barricada sonora chile<\/a> \u00b7 <a style=\"color: #cccccc; text-decoration: none;\" title=\"Barricada Sonora 2019-2020\" href=\"https:\/\/soundcloud.com\/user-864271440\/sets\/barricada-sonora-2019-22020\" target=\"_blank\" rel=\"noopener\">Barricada Sonora 2019-2020<\/a><\/h6>\n<p class=\"sc-truncate\">&nbsp;<a href=\"https:\/\/www.youtube.com\/watch?v=ONCj79E0OZY\" target=\"_blank\" rel=\"noopener\">&gt; video Renato Pizarro<\/a><br \/>\n&nbsp;<a href=\"https:\/\/www.youtube.com\/watch?v=HYQpHpU9v5I\" target=\"_blank\" rel=\"noopener\">&gt; video Productora Mutante<\/a><\/p>\n<p class=\"sc-truncate\"><iframe loading=\"lazy\" src=\"https:\/\/www.youtube.com\/embed\/5ZuWc0FH-QE\" width=\"560\" height=\"315\" frameborder=\"0\" allowfullscreen=\"allowfullscreen\"><\/iframe><\/p>\n<h6>&nbsp;<\/h6>\n<p>ngg_shortcode_0_placeholder<\/p>\n<p>&nbsp;<\/p>\n<p>Flyers Barricada Sonora, dise\u00f1o Christian Del\u00f3n<\/p>\n<p>ngg_shortcode_1_placeholder<\/p>\n<div style=\"font-size: 10px; color: #cccccc; line-break: anywhere; word-break: normal; overflow: hidden; white-space: nowrap; text-overflow: ellipsis; font-family: Interstate,Lucida Grande,Lucida Sans Unicode,Lucida Sans,Garuda,Verdana,Tahoma,sans-serif; font-weight: 100;\">&nbsp;<\/div>\n<p><iframe loading=\"lazy\" src=\"https:\/\/www.youtube.com\/embed\/YQXE4GoVnAs\" width=\"560\" height=\"315\" frameborder=\"0\" allowfullscreen=\"allowfullscreen\"><\/iframe><\/p>\n<h5><em>Museo Sonoro de la Revuelta<\/em>, Parque Cultural de Valpara\u00edso, Chile, 2021<br \/>\n<a href=\"https:\/\/museosonorodelarevuelta.cl\/proyecto\/fracciones-audibles\/\" target=\"_blank\" rel=\"noopener\">&gt;&nbsp;info<\/a><\/h5>\n","protected":false},"excerpt":{"rendered":"<p>Barricada Sonora es un colectivo de intervenci\u00f3n sonora en el espacio p\u00fablico que se re\u00fane semanalmente desde diciembre de 2019 en los alrededores de la Plaza de la Dignidad en el contexto de las manifestaciones ciudadanas ocurridas desde el estallido social en Chile. El colectivo convoca abiertamente a sonar en el espacio p\u00fablico y a [&hellip;]<\/p>\n","protected":false},"author":2,"featured_media":0,"parent":1683,"menu_order":0,"comment_status":"closed","ping_status":"closed","template":"","meta":{"ngg_post_thumbnail":0,"footnotes":""},"class_list":["post-5808","page","type-page","status-publish","hentry"],"_links":{"self":[{"href":"https:\/\/rkrause.cl\/web\/index.php?rest_route=\/wp\/v2\/pages\/5808"}],"collection":[{"href":"https:\/\/rkrause.cl\/web\/index.php?rest_route=\/wp\/v2\/pages"}],"about":[{"href":"https:\/\/rkrause.cl\/web\/index.php?rest_route=\/wp\/v2\/types\/page"}],"author":[{"embeddable":true,"href":"https:\/\/rkrause.cl\/web\/index.php?rest_route=\/wp\/v2\/users\/2"}],"replies":[{"embeddable":true,"href":"https:\/\/rkrause.cl\/web\/index.php?rest_route=%2Fwp%2Fv2%2Fcomments&post=5808"}],"version-history":[{"count":19,"href":"https:\/\/rkrause.cl\/web\/index.php?rest_route=\/wp\/v2\/pages\/5808\/revisions"}],"predecessor-version":[{"id":6779,"href":"https:\/\/rkrause.cl\/web\/index.php?rest_route=\/wp\/v2\/pages\/5808\/revisions\/6779"}],"up":[{"embeddable":true,"href":"https:\/\/rkrause.cl\/web\/index.php?rest_route=\/wp\/v2\/pages\/1683"}],"wp:attachment":[{"href":"https:\/\/rkrause.cl\/web\/index.php?rest_route=%2Fwp%2Fv2%2Fmedia&parent=5808"}],"curies":[{"name":"wp","href":"https:\/\/api.w.org\/{rel}","templated":true}]}}

<h2>Barricada Sonora</h2>
<p>es un colectivo de intervención sonora en el espacio público que se reúne semanalmente desde diciembre de 2019 en los alrededores de la Plaza de la Dignidad en el contexto de las manifestaciones ciudadanas ocurridas desde el estallido social en Chile. El colectivo convoca abiertamente a sonar en el espacio público y a improvisar sonidos sin dirección ni condiciones predeterminadas para manifestar el descontento personal y colectivo, conformando en cada llamado una comunidad sonora temporal.</p>
<p>En la lógica del arte como herramienta de transformación social en el espacio público, el sonido tiene una potencialidad simbólica y democrática. El ruido como sonido desestructurado interrumpe el flujo habitual asociado al tránsito para redefinir el espacio público como lugar de encuentro y creación, ya no exclusivamente de tránsito.</p>
<p>El sonido es parte fundamental de la manifestación pública. Es una herramienta que viene por defecto en nuestra corporalidad: voz, gritos, cantos, golpes de objetos. Para sonar no hay pre requisitos. La Barricada Sonora propone ocupar este potencial motivados por la reapropiación del espacio público en un ejercicio de catarsis y sublimación: el espacio está abierto para la queja, la demanda, el reclamo y la expresión individual y simultáneamente la construcción de un sentido colectivo a través de la improvisación.</p>
<p>Participantes en las diferentes versiones:<br />
Raúl Díaz, Catalina Menares, Felipe Araya, Carolina Holzapfel, Lucina Lou, Eduardo Astudillo, Francisco Morales, Pamela Reyes, Rodrigo Maturana, Juan Carlos Contreras, Juan Pablo Cacciuttolo, Cristian Pinto, Julio Cortés, Sebastián Jatz, Daniel Rodríguez, Eden Carrasco, Renzo Finilich, Rob Frye, Martin Frye, Mirko Petrovich, Joaquín Rino Salas, Álvaro Araya, Esteban Robledo, Mario Z, Ervalizer, Gonzalo Díaz Letelier, Alejandra Ink!eta, Erick Ink!era, Gerardo Figueroa, Bernardita Pérez, Fernanda Fábrega, Agnes Paz, Matías Pedrero, Sebastián Astorga, Nicolás Letelier, Josefina González, Alejandro Palacios, Nicole Uteau, Tambor Ezz, Barbara González, Mónica Salinero, Paula Barouch, José Miguel Manríquez, Cristian Parker, Sebastián OE, Amanda Irarrázaval, Rosa Angelini, Diego López, Renzo Torti-Forno, Sofía Balbontin, Goli Gaete, Nicolás Vejar, Maca Lladser, Pablo Schalscha, Karen Carrasco, Santiago Corvalán, Sebastián Larraín, Rainer Krause, Magdalena Isaacson, Nicolás Jaar, Javiera Mondaca, María Jesús Blanche, David Catalán, Valentina Utz, Daniel Abdullah, Vicente Araya</p>
<p>Rec.: Rainer Krause<br />
Señalética: Pablo Schalscha<br />
Fotos: diversas/os autoras/es</p>
<p><img loading="lazy" decoding="async" class="alignnone size-full wp-image-5850" src="https://rkrause.cl/web/wp-content/uploads/2020/12/WhatsApp-Image-2020-01-27-at-17.14.18-2.jpeg" alt="" width="1280" height="343" srcset="https://rkrause.cl/web/wp-content/uploads/2020/12/WhatsApp-Image-2020-01-27-at-17.14.18-2.jpeg 1280w, https://rkrause.cl/web/wp-content/uploads/2020/12/WhatsApp-Image-2020-01-27-at-17.14.18-2-300x80.jpeg 300w, https://rkrause.cl/web/wp-content/uploads/2020/12/WhatsApp-Image-2020-01-27-at-17.14.18-2-768x206.jpeg 768w, https://rkrause.cl/web/wp-content/uploads/2020/12/WhatsApp-Image-2020-01-27-at-17.14.18-2-700x188.jpeg 700w" sizes="(max-width: 1280px) 100vw, 1280px" /></p>
<p><iframe loading="lazy" src="https://w.soundcloud.com/player/?url=https%3A//api.soundcloud.com/playlists/1152501313&amp;color=%23ff5500&amp;auto_play=false&amp;hide_related=false&amp;show_comments=true&amp;show_user=true&amp;show_reposts=false&amp;show_teaser=true&amp;visual=true" width="100%" height="300" frameborder="no" scrolling="no"><span data-mce-type="bookmark" style="display: inline-block; width: 0px; overflow: hidden; line-height: 0;" class="mce_SELRES_start">?</span><span data-mce-type="bookmark" style="display: inline-block; width: 0px; overflow: hidden; line-height: 0;" class="mce_SELRES_start">?</span></iframe></p>
<h6><a style="color: #cccccc; text-decoration: none;" title="barricada sonora chile" href="https://soundcloud.com/user-864271440" target="_blank" rel="noopener">barricada sonora chile</a> · <a style="color: #cccccc; text-decoration: none;" title="Barricada Sonora 2019-2020" href="https://soundcloud.com/user-864271440/sets/barricada-sonora-2019-22020" target="_blank" rel="noopener">Barricada Sonora 2019-2020</a></h6>
<p class="sc-truncate">&nbsp;<a href="https://www.youtube.com/watch?v=ONCj79E0OZY" target="_blank" rel="noopener">&gt; video Renato Pizarro</a><br />
&nbsp;<a href="https://www.youtube.com/watch?v=HYQpHpU9v5I" target="_blank" rel="noopener">&gt; video Productora Mutante</a></p>
<p class="sc-truncate"><iframe loading="lazy" src="https://www.youtube.com/embed/5ZuWc0FH-QE" width="560" height="315" frameborder="0" allowfullscreen="allowfullscreen"></iframe></p>
<h6>&nbsp;</h6>
<p>ngg_shortcode_0_placeholder</p>
<p>&nbsp;</p>
<p>Flyers Barricada Sonora, diseño Christian Delón</p>
<p>ngg_shortcode_1_placeholder</p>
<div style="font-size: 10px; color: #cccccc; line-break: anywhere; word-break: normal; overflow: hidden; white-space: nowrap; text-overflow: ellipsis; font-family: Interstate,Lucida Grande,Lucida Sans Unicode,Lucida Sans,Garuda,Verdana,Tahoma,sans-serif; font-weight: 100;">&nbsp;</div>
<p><iframe loading="lazy" src="https://www.youtube.com/embed/YQXE4GoVnAs" width="560" height="315" frameborder="0" allowfullscreen="allowfullscreen"></iframe></p>
<h5><em>Museo Sonoro de la Revuelta</em>, Parque Cultural de Valparaíso, Chile, 2021<br />
<a href="https://museosonorodelarevuelta.cl/proyecto/fracciones-audibles/" target="_blank" rel="noopener">&gt;&nbsp;info</a></h5>

<p>Barricada Sonora es un colectivo de intervención sonora en el espacio público que se reúne semanalmente desde diciembre de 2019 en los alrededores de la Plaza de la Dignidad en el contexto de las manifestaciones ciudadanas ocurridas desde el estallido social en Chile. El colectivo convoca abiertamente a sonar en el espacio público y a [&hellip;]</p>
